{"id":15,"date":"2024-04-18T13:06:45","date_gmt":"2024-04-18T13:06:45","guid":{"rendered":"https:\/\/www.gjesdal-il.com\/leroy\/?page_id=15"},"modified":"2024-05-01T20:29:51","modified_gmt":"2024-05-01T18:29:51","slug":"om-oss","status":"publish","type":"page","link":"https:\/\/www.gjesdal-il.com\/leroy\/om-oss\/","title":{"rendered":"Om oss"},"content":{"rendered":"\n<p>Gjesdal Idrettslag ble stiftet i 9.desember 1931- da var klubben en rendyrket langrenns klubb. I 1949 ble navnet endret til Gjesdal Idrettslag fordi b\u00e5de terrengl\u00f8p og stafetter ble mer aktuelt. Friidretten kom for fult inn fra 1951. Volleyballgruppa ble etablert i 1979. Orienteringsgruppa var en del av Gjesdal Idrettslag fra 1983-2002.\u00a0<\/p>\n\n\n\n<p>Friidrettsgruppa hadde en elitesatsing fra 1994-2005. I den perioden arrangerte de ogs\u00e5 4 norske mesterskap og 1 nordisk mesterskap. Ellers med mange veldig gode resultater b\u00e5de i NM og nordiske grener.<\/p>\n\n\n\n<p>Gjesdal Idrettslag var en av de store bidragsyterne n\u00e5r Gjesdalhallen ble bygget 1985. Dette var med p\u00e5 \u00e5 sette sving p\u00e5 volleyballgruppa som fikk et veldig oppsving og hadde 6 lag med i seriesystemet fra 1986-1996. Damelaget var da i 1.divisjon og herrelaget i 2.divisjon.&nbsp;<\/p>\n\n\n\n<p>Gjesdal Idrettslag hadde sitt tilholdssted p\u00e5 Brakk\u00e5 rett ved \u00c5lg\u00e5rd Stadion. I 1998 ble den revet og mye av aktiviteten ble revet bort.&nbsp;Det skulle ta 17 \u00e5r f\u00f8r Gjesdal IL kunne innvie sitt nye klubbhus, og i mellomtiden ble laget flyttet fra det ene stedet til det andre. De gamle lokalene i Slakthusbakken var siste tilholdssted f\u00f8r de kunne flytt til nytt klubbhus, men f\u00f8r den tid hadde det blant annet v\u00e6rt innom: Limag\u00e5rden, det gamle klubbhuset til \u00c5FK i sentrum, Helsebanken, det gamle bostadhuset til Skandsen, \u00c5BOAS og Krambugaten.<\/p>\n\n\n\n<p>Klubben innviet det nye klubbhuset 5. desember 2015, mens l\u00f8pebanen offisielt ble erkl\u00e6rt ferdig v\u00e5ren 2015.<\/p>\n","protected":false},"excerpt":{"rendered":"<p>Gjesdal Idrettslag ble stiftet i 9.desember 1931- da var klubben en rendyrket langrenns klubb. I 1949 ble navnet endret til [&hellip;]<\/p>\n","protected":false},"author":1,"featured_media":0,"parent":0,"menu_order":0,"comment_status":"closed","ping_status":"closed","template":"","meta":{"footnotes":""},"class_list":["post-15","page","type-page","status-publish","hentry"],"_links":{"self":[{"href":"https:\/\/www.gjesdal-il.com\/leroy\/wp-json\/wp\/v2\/pages\/15","targetHints":{"allow":["GET"]}}],"collection":[{"href":"https:\/\/www.gjesdal-il.com\/leroy\/wp-json\/wp\/v2\/pages"}],"about":[{"href":"https:\/\/www.gjesdal-il.com\/leroy\/wp-json\/wp\/v2\/types\/page"}],"author":[{"embeddable":true,"href":"https:\/\/www.gjesdal-il.com\/leroy\/wp-json\/wp\/v2\/users\/1"}],"replies":[{"embeddable":true,"href":"https:\/\/www.gjesdal-il.com\/leroy\/wp-json\/wp\/v2\/comments?post=15"}],"version-history":[{"count":2,"href":"https:\/\/www.gjesdal-il.com\/leroy\/wp-json\/wp\/v2\/pages\/15\/revisions"}],"predecessor-version":[{"id":59,"href":"https:\/\/www.gjesdal-il.com\/leroy\/wp-json\/wp\/v2\/pages\/15\/revisions\/59"}],"wp:attachment":[{"href":"https:\/\/www.gjesdal-il.com\/leroy\/wp-json\/wp\/v2\/media?parent=15"}],"curies":[{"name":"wp","href":"https:\/\/api.w.org\/{rel}","templated":true}]}}